[INFO] fetching crate recolored 1.9.3...
[INFO] checking recolored-1.9.3 against try#72f88fc4e9458f89516a0b8b0868f3718aec5b47 for pr-74989
[INFO] extracting crate recolored 1.9.3 into /workspace/builds/worker-5/source
[INFO] validating manifest of crates.io crate recolored 1.9.3 on toolchain 72f88fc4e9458f89516a0b8b0868f3718aec5b47
[INFO] running `Command { std: "/workspace/cargo-home/bin/cargo" "+72f88fc4e9458f89516a0b8b0868f3718aec5b47" "read-manifest" "--manifest-path" "Cargo.toml", kill_on_drop: false }`
[INFO] started tweaking crates.io crate recolored 1.9.3
[INFO] finished tweaking crates.io crate recolored 1.9.3
[INFO] tweaked toml for crates.io crate recolored 1.9.3 written to /workspace/builds/worker-5/source/Cargo.toml
[INFO] crate crates.io crate recolored 1.9.3 already has a lockfile, it will not be regenerated
[INFO] running `Command { std: "/workspace/cargo-home/bin/cargo" "+72f88fc4e9458f89516a0b8b0868f3718aec5b47" "fetch" "--locked" "--manifest-path" "Cargo.toml", kill_on_drop: false }`
[INFO] [stderr]  Downloading crates ...
[INFO] [stderr]   Downloaded rspec v1.0.0-beta.3
[INFO] running `Command { std: "docker" "create" "-v" "/var/lib/crater-agent-workspace/builds/worker-5/target:/opt/rustwide/target:rw,Z" "-v" "/var/lib/crater-agent-workspace/builds/worker-5/source:/opt/rustwide/workdir:ro,Z" "-v" "/var/lib/crater-agent-workspace/cargo-home:/opt/rustwide/cargo-home:ro,Z" "-v" "/var/lib/crater-agent-workspace/rustup-home:/opt/rustwide/rustup-home:ro,Z" "-e" "SOURCE_DIR=/opt/rustwide/workdir" "-e" "CARGO_TARGET_DIR=/opt/rustwide/target" "-e" "CARGO_HOME=/opt/rustwide/cargo-home" "-e" "RUSTUP_HOME=/opt/rustwide/rustup-home" "-w" "/opt/rustwide/workdir" "-m" "1610612736" "--user" "0:0" "--network" "none" "rustops/crates-build-env@sha256:d92eaeed33fa75130ca1ee6c8a01d1ffb62bac859dfdfb3450e3e5d1c0146529" "/opt/rustwide/cargo-home/bin/cargo" "+72f88fc4e9458f89516a0b8b0868f3718aec5b47" "metadata" "--no-deps" "--format-version=1", kill_on_drop: false }`
[INFO] [stdout] 21c732660186bf4d9714fb08b48c290c749b03235d6aa134dfb6713cc1aa637c
[INFO] [stderr] WARNING: Your kernel does not support swap limit capabilities or the cgroup is not mounted. Memory limited without swap.
[INFO] running `Command { std: "docker" "start" "-a" "21c732660186bf4d9714fb08b48c290c749b03235d6aa134dfb6713cc1aa637c", kill_on_drop: false }`
[INFO] running `Command { std: "docker" "inspect" "21c732660186bf4d9714fb08b48c290c749b03235d6aa134dfb6713cc1aa637c", kill_on_drop: false }`
[INFO] running `Command { std: "docker" "rm" "-f" "21c732660186bf4d9714fb08b48c290c749b03235d6aa134dfb6713cc1aa637c", kill_on_drop: false }`
[INFO] [stdout] 21c732660186bf4d9714fb08b48c290c749b03235d6aa134dfb6713cc1aa637c
[INFO] running `Command { std: "docker" "create" "-v" "/var/lib/crater-agent-workspace/builds/worker-5/target:/opt/rustwide/target:rw,Z" "-v" "/var/lib/crater-agent-workspace/builds/worker-5/source:/opt/rustwide/workdir:ro,Z" "-v" "/var/lib/crater-agent-workspace/cargo-home:/opt/rustwide/cargo-home:ro,Z" "-v" "/var/lib/crater-agent-workspace/rustup-home:/opt/rustwide/rustup-home:ro,Z" "-e" "SOURCE_DIR=/opt/rustwide/workdir" "-e" "CARGO_TARGET_DIR=/opt/rustwide/target" "-e" "CARGO_INCREMENTAL=0" "-e" "RUST_BACKTRACE=full" "-e" "RUSTFLAGS=--cap-lints=forbid" "-e" "CARGO_HOME=/opt/rustwide/cargo-home" "-e" "RUSTUP_HOME=/opt/rustwide/rustup-home" "-w" "/opt/rustwide/workdir" "-m" "1610612736" "--user" "0:0" "--network" "none" "rustops/crates-build-env@sha256:d92eaeed33fa75130ca1ee6c8a01d1ffb62bac859dfdfb3450e3e5d1c0146529" "/opt/rustwide/cargo-home/bin/cargo" "+72f88fc4e9458f89516a0b8b0868f3718aec5b47" "check" "--frozen" "--all" "--all-targets" "--message-format=json", kill_on_drop: false }`
[INFO] [stderr] WARNING: Your kernel does not support swap limit capabilities or the cgroup is not mounted. Memory limited without swap.
[INFO] [stdout] 8c8727e510ed76a80264a5d78c1e88cff6d9e488e0378c4294d285dadb81faee
[INFO] running `Command { std: "docker" "start" "-a" "8c8727e510ed76a80264a5d78c1e88cff6d9e488e0378c4294d285dadb81faee", kill_on_drop: false }`
[INFO] [stderr]    Compiling libc v0.2.69
[INFO] [stderr]     Checking rspec v1.0.0-beta.3
[INFO] [stderr]     Checking ansi_term v0.12.1
[INFO] [stderr]     Checking atty v0.2.14
[INFO] [stderr]     Checking recolored v1.9.3 (/opt/rustwide/workdir)
[INFO] [stdout] warning: unused import: `Style`
[INFO] [stdout]    --> src/style.rs:124:28
[INFO] [stdout]     |
[INFO] [stdout] 124 |         use super::super::{Style, Styles};
[INFO] [stdout]     |                            ^^^^^
[INFO] [stdout]     |
[INFO] [stdout]     = note: `#[warn(unused_imports)]` on by default
[INFO] [stdout] 
[INFO] [stdout] 
[INFO] [stdout] warning: unused imports: `BLINK`, `BOLD`, `DIMMED`, `HIDDEN`, `ITALIC`, `REVERSED`, `STRIKETHROUGH`, `UNDERLINE`
[INFO] [stdout]    --> src/style.rs:178:13
[INFO] [stdout]     |
[INFO] [stdout] 178 |             BLINK, BOLD, DIMMED, HIDDEN, ITALIC, REVERSED, STRIKETHROUGH, UNDERLINE,
[INFO] [stdout]     |             ^^^^^  ^^^^  ^^^^^^  ^^^^^^  ^^^^^^  ^^^^^^^^  ^^^^^^^^^^^^^  ^^^^^^^^^
[INFO] [stdout] 
[INFO] [stdout] 
[INFO] [stdout] error[E0463]: can't find crate for `colored`
[INFO] [stdout]  --> examples/true_colors.rs:1:1
[INFO] [stdout]   |
[INFO] [stdout] 1 | extern crate colored;
[INFO] [stdout]   | ^^^^^^^^^^^^^^^^^^^^^ can't find crate
[INFO] [stdout] 
[INFO] [stdout] 
[INFO] [stdout] error[E0463]: can't find crate for `colored`
[INFO] [stdout]  --> examples/most_simple.rs:1:1
[INFO] [stdout]   |
[INFO] [stdout] 1 | extern crate colored;
[INFO] [stdout]   | ^^^^^^^^^^^^^^^^^^^^^ can't find crate
[INFO] [stdout] 
[INFO] [stdout] 
[INFO] [stdout] error[E0463]: can't find crate for `colored`
[INFO] [stdout]  --> examples/palette_colors.rs:1:1
[INFO] [stdout]   |
[INFO] [stdout] 1 | extern crate colored;
[INFO] [stdout]   | ^^^^^^^^^^^^^^^^^^^^^ can't find crate
[INFO] [stdout] 
[INFO] [stdout] 
[INFO] [stdout] error: aborting due to previous error
[INFO] [stdout] 
[INFO] [stdout] 
[INFO] [stdout] For more information about this error, try `rustc --explain E0463`.
[INFO] [stdout] 
[INFO] [stdout] error: aborting due to previous error
[INFO] [stdout] 
[INFO] [stdout] 
[INFO] [stdout] For more information about this error, try `rustc --explain E0463`.
[INFO] [stdout] 
[INFO] [stderr] error: could not compile `recolored`.
[INFO] [stdout] error: aborting due to previous error
[INFO] [stdout] 
[INFO] [stdout] 
[INFO] [stderr] 
[INFO] [stdout] For more information about this error, try `rustc --explain E0463`.
[INFO] [stdout] 
[INFO] [stderr] To learn more, run the command again with --verbose.
[INFO] [stdout] error[E0463]: can't find crate for `colored`
[INFO] [stdout]  --> examples/control.rs:1:1
[INFO] [stdout]   |
[INFO] [stdout] 1 | extern crate colored;
[INFO] [stdout]   | ^^^^^^^^^^^^^^^^^^^^^ can't find crate
[INFO] [stdout] 
[INFO] [stdout] 
[INFO] [stderr] warning: build failed, waiting for other jobs to finish...
[INFO] [stdout] error: aborting due to previous error
[INFO] [stdout] 
[INFO] [stdout] 
[INFO] [stdout] For more information about this error, try `rustc --explain E0463`.
[INFO] [stdout] 
[INFO] [stdout] error[E0463]: can't find crate for `colored`
[INFO] [stdout]  --> tests/ansi_term_compat.rs:4:1
[INFO] [stdout]   |
[INFO] [stdout] 4 | extern crate colored;
[INFO] [stdout]   | ^^^^^^^^^^^^^^^^^^^^^ can't find crate
[INFO] [stdout] 
[INFO] [stdout] 
[INFO] [stdout] error: aborting due to previous error
[INFO] [stdout] 
[INFO] [stdout] 
[INFO] [stdout] For more information about this error, try `rustc --explain E0463`.
[INFO] [stdout] 
[INFO] [stdout] error[E0463]: can't find crate for `colored`
[INFO] [stdout]  --> examples/nested_colors.rs:1:1
[INFO] [stdout]   |
[INFO] [stdout] 1 | extern crate colored;
[INFO] [stdout]   | ^^^^^^^^^^^^^^^^^^^^^ can't find crate
[INFO] [stdout] 
[INFO] [stdout] 
[INFO] [stdout] error: aborting due to previous error
[INFO] [stdout] 
[INFO] [stdout] 
[INFO] [stdout] For more information about this error, try `rustc --explain E0463`.
[INFO] [stdout] 
[INFO] [stdout] error[E0463]: can't find crate for `colored`
[INFO] [stdout]  --> examples/dynamic_colors.rs:1:1
[INFO] [stdout]   |
[INFO] [stdout] 1 | extern crate colored;
[INFO] [stdout]   | ^^^^^^^^^^^^^^^^^^^^^ can't find crate
[INFO] [stdout] 
[INFO] [stdout] 
[INFO] [stdout] error: aborting due to previous error
[INFO] [stdout] 
[INFO] [stdout] 
[INFO] [stdout] For more information about this error, try `rustc --explain E0463`.
[INFO] [stdout] 
[INFO] [stdout] warning: function is never used: `test_style_contains`
[INFO] [stdout]    --> src/style.rs:287:8
[INFO] [stdout]     |
[INFO] [stdout] 287 |     fn test_style_contains() {
[INFO] [stdout]     |        ^^^^^^^^^^^^^^^^^^^
[INFO] [stdout]     |
[INFO] [stdout]     = note: `#[warn(dead_code)]` on by default
[INFO] [stdout] 
[INFO] [stdout] 
[INFO] [stdout] warning: 3 warnings emitted
[INFO] [stdout] 
[INFO] [stdout] 
[INFO] [stderr] error: build failed
[INFO] running `Command { std: "docker" "inspect" "8c8727e510ed76a80264a5d78c1e88cff6d9e488e0378c4294d285dadb81faee", kill_on_drop: false }`
[INFO] running `Command { std: "docker" "rm" "-f" "8c8727e510ed76a80264a5d78c1e88cff6d9e488e0378c4294d285dadb81faee", kill_on_drop: false }`
[INFO] [stdout] 8c8727e510ed76a80264a5d78c1e88cff6d9e488e0378c4294d285dadb81faee
